Let i = 49 - 44. Suppose 3*g = 2*t + 250, 4*g - 22 - 323 = i*t. Is g a multiple of 21?
False
Suppose -5*z - u - 141 + 34 = 0, u = -2. Let m = 34 + z. Is 4 a factor of m?
False
Suppose -4*m + 11 + 141 = 0. Let k = 72 - m. Is 6 a factor of (-12)/(-6)*k/4?
False
Suppose -3*p + 22 - 46 = 0. Does 3 divide (-2*2)/((-7)/p - 1)?
False
Let b = 39 + -27. Is 6 a factor of b?
True
Suppose -498 = -41*k + 732. Is 6 a factor of k?
True
Let p be (-10)/(-35) - (-38)/14. Let u(x) = -x - p*x - 3*x + 2*x. Is u(-6) a multiple of 20?
False
Let z = -220 + 708. Is 12 a factor of z?
False
Let u(r) = -r**3 + 10*r**2 - 2*r - 17. Let b be u(7). Is 35 a factor of -3 + (1 - 2) + b?
False
Suppose 0 = -29*v + 64811 + 54321. Does 45 divide v?
False
Suppose -2*o + 0*o - 38 = 0. Let g = o - -50. Suppose 4*u - g = 5. Is 2 a factor of u?
False
Let r = 324 - 140. Is 9 a factor of (-16 - -12) + r/2?
False
Let a = 19 - 16. Suppose a*h - 12 = 2*r + 200, 2*r = 4. Is 24 a factor of h?
True
Let f = 3226 + -1782. Is 13 a factor of f?
False
Let t(m) be the third derivative of -7*m**2 + 0*m + 1/6*m**4 - 2/15*m**5 + 0 - 1/6*m**3 + 1/60*m**6. Is t(5) a multiple of 27?
False
Let n be (6/12)/(3/30). Suppose n*w = 46 + 114. Does 6 divide w?
False
Is (-4)/9 + 6938/18 a multiple of 28?
False
Let g(n) = n**3 + 4*n**2 - 7*n - 10. Let s be g(-5). Is 2 a factor of (3 - -1)*(s - -12)/3?
True
Suppose 0 = -5*s + 15, 89*s - 93*s = 5*q - 3492. Does 29 divide q?
True
Let r(z) = 2*z + 12. Let x = 25 - 11. Let j be r(x). Suppose -n - 2*s + 143 = j, -3*s = 4*n - 422. Does 34 divide n?
False
Let r = 1636 - 987. Is 3 a factor of r?
False
Let m(i) = -i**3 + 31*i**2 - 14*i - 113. Is m(30) a multiple of 10?
False
Suppose -i - 84 = -3*t, -i - 14 = 4*t - 119. Is (-2)/(-9) - (-291)/t a multiple of 3?
False
Let z be (6/(-7))/3 - (-131)/(-7). Let j(r) = -3*r - 28. Is 7 a factor of j(z)?
False
Let l(g) = 99*g + 6. Let j be l(3). Let i be 2/6 - j/(-9). Suppose 0 = -3*z + i + 47. Is z a multiple of 7?
False
Let q = 69 - 70. Is ((-1)/q)/(-1) + 50 a multiple of 17?
False
Let t = -230 + 428. Let q = t + -124. Does 15 divide q?
False
Let m(w) = 4*w + 10. Let j be m(6). Let y = j + 1. Does 7 divide y?
True
Suppose -3*c + t = -8885, -c - t = -1583 - 1372. Is c a multiple of 80?
True
Suppose -232 = 3*j - 6*j - 2*a, -3*a + 228 = 3*j. Let w = 152 - j. Is w a multiple of 24?
True
Let u be 9/4*27*4. Suppose -4*b + 262 = -2*h, -5*b + 98 + u = 2*h. Let c = 119 - b. Is 26 a factor of c?
True
Suppose 7 + 3 = 5*u - 5*l, -10 = 2*u + 5*l. Suppose 4*t = -t + 2*v + 517, u = t + 4*v - 99. Is t a multiple of 20?
False
Suppose -2*s - 10 = -5*s - 4*n, 3*n - 6 = -3*s. Does 9 divide (-3)/s*108/6?
True
Suppose -q + 336 = 5*b, 21*b = 4*q + 23*b - 1416. Is 5 a factor of q?
False
Let d(z) = -z**2 + z + 2. Let u be d(-2). Let p be u/(-10)*5/2. Suppose 23 = 6*m - p. Does 4 divide m?
True
Let l be (-9 + 408/40)*11*15. Let f = l - 114. Is f a multiple of 28?
True
Suppose -u = -4*m - 92, -m = -6*m - u - 124. Let o = m + 117. Let z = -40 + o. Is z a multiple of 19?
False
Suppose -28728 = -46*v + 39*v. Is v a multiple of 77?
False
Suppose -172*s = -145*s - 5130. Does 5 divide s?
True
Let l = 50 + -46. Suppose 3*p - 10 = -b, -l*p + 7 = b - 4. Is b a multiple of 6?
False
Let w = 111 - 35. Does 38 divide w?
True
Is 20 a factor of 680/100 + -6 - (-47992)/10?
True
Let i be 2 + -7 + 3 - -4. Let z be -10*(-4)/(-16)*i. Let l = 41 + z. Is 12 a factor of l?
True
Suppose -6 + 2 = -2*o, -2*a + 62 = -o. Is a a multiple of 8?
True
Let k(i) = 11*i - 22. Let m(x) = 12*x - 23. Let l(a) = 4*k(a) - 3*m(a). Is 27 a factor of l(14)?
False
Suppose -28 = -7*q + 364. Suppose 5*c + 195 = -5*z, 0 = -7*c + 8*c. Let l = q + z. Is 5 a factor of l?
False
Suppose 0 = -13*v + 6*v + 1617. Let z = 10 + -7. Suppose 4*l - v + z = 0. Does 9 divide l?
False
Let r(u) be the first derivative of -u**4/4 + 5*u**3/3 - u**2/2 - 9*u + 10. Does 2 divide r(4)?
False
Suppose 7*d + 16*d = 58742. Does 122 divide d?
False
Let b be ((-12)/(-8))/(12/368). Suppose 5*g = 4 + b. Suppose -75 = -5*q - g. Does 10 divide q?
False
Let b(j) = -j - 1. Let w(z) = -25*z + 1. Let m(d) = -4*b(d) - w(d). Is m(1) a multiple of 18?
False
Let y = 918 - -508. Does 91 divide y?
False
Suppose 3*v + 2*v + 28 = n, -4*n - 13 = 5*v. Suppose -n*a + 47 = 5. Is a a multiple of 3?
False
Suppose 3*j + n - 5323 = 0, -1786 = -j - 28*n + 30*n. Is j a multiple of 16?
True
Let s = -1678 - -1910. Does 5 divide s?
False
Let h = 435 - 45. Suppose h = 34*d - 29*d. Does 26 divide d?
True
Let h(m) be the second derivative of -m**3/2 + m**2 - 2*m. Let f be h(0). Suppose 0*b - 5*b = -f*r - 40, 2*r = 3*b - 24. Is 4 a factor of b?
True
Suppose y = 5*o - y - 274, 218 = 4*o - 2*y. Let g = o + 4. Does 15 divide g?
True
Let o(b) = b**2. Let d(f) = -3*f**2 + 10*f + 9. Let v(n) = d(n) + 4*o(n). Let s be v(-9). Let k(r) = 2*r + 48. Does 16 divide k(s)?
True
Suppose 356 = 2*s - 114. Let z = -135 + s. Suppose -5*b = 4*t - z, 2*b - 2*t = 2*t + 68. Is 17 a factor of b?
False
Suppose 0*b + 5*w - 193 = -4*b, 2*b - 89 = -5*w. Is 4 a factor of b?
True
Let g = -27 + 29. Suppose a + 5*l - g*l = 21, 2*a - 5*l = 75. Is 9 a factor of a?
False
Let y(b) = 40*b**2 + 7*b + 8. Is 2 a factor of y(-1)?
False
Suppose -4*d + 9*d + 117 = -2*b, 4*d + 108 = 2*b. Let q = d + 64. Does 19 divide q?
False
Let t(z) = -4*z - 1. Let f be t(-1). Suppose -2*h = -5*l - 551, -h + 268 = -2*l - 2*l. Does 8 divide ((-1)/f)/((-6)/h)?
True
Let w be 84/(-36) + 1/3. Does 13 divide -2 + 97 + w + 5?
False
Let s(f) = 62*f**2 + 28*f + 61. Does 5 divide s(-3)?
True
Let a(b) = 19*b + 182. Is 10 a factor of a(-8)?
True
Let l = 4124 - 2582. Is l a multiple of 9?
False
Is 39 a factor of (4/6 + -2)*5670/(-20)?
False
Suppose 0 = 4*v + 4*b - 8, 24 = v - 3*v + 5*b. Let x = v - -10. Is 8 a factor of x?
True
Let p be 3/7 - ((-17)/(-7) - -1). Let g(k) = -17*k - 2. Does 11 divide g(p)?
False
Let j(v) = v**2 - 12*v + 11. Let q be j(11). Let l be -4 - (-2 + q/2). Let n(w) = -32*w - 1. Does 10 divide n(l)?
False
Suppose -58*s + 53*s + 7170 = 0. Is 46 a factor of s?
False
Suppose -2*d = -4*d. Suppose 2*z + z + 5*r - 82 = d, 0 = z - 3*r - 32. Is z a multiple of 8?
False
Suppose 2*k = -k - 3, -5*y + k = -46. Does 16 divide 3/y - (-668)/3?
False
Let m(d) = 7*d**2 - d - 7. Let f be m(3). Let s = -10 + f. Does 6 divide s?
False
Let v(k) = -6*k**3 + 12*k**2 - 12*k + 6. Is v(-7) a multiple of 19?
True
Let l(d) = d**2 + 15*d + 17. Let p be l(-14). Suppose -2*n - 44 = -p*n. Let a = n + -26. Is a a multiple of 18?
True
Let v(i) = i**2 + 11*i - 12. Let g be v(-13). Let z be 4/g + 222/(-42). Let h = z + 14. Is h a multiple of 6?
False
Suppose -2*h = 2*k - k - 7, 2 = -2*k. Suppose -2*o = -5*o. Suppose -2*a - 47 = -3*a + n, -2*a - h*n + 100 = o. Does 8 divide a?
True
Let z(b) = 53*b - 357. Is 116 a factor of z(23)?
False
Let u be 14 + (-4 + -1 - -4). Does 3 divide (1 + 0)*1 + 4 + u?
True
Let j(i) = 5*i**2 - 32*i - 19. Is j(9) a multiple of 11?
False
Let t = 837 - 578. Does 12 divide t?
False
Suppose 11 = -z + s, -s = -7*z + 4*z - 27. Let a = -6 - z. Suppose 0 = o + a - 6. Is o a multiple of 4?
True
Suppose 0 = -4*d + 42 + 234. Let f = 113 - d. Is f a multiple of 22?
True
Let a be ((-4)/12)/((-1)/15). Suppose -a*g - 32 + 92 = 0. Is 3 a factor of g?
True
Suppose 0 = -2*q - 0*q + 16. Suppose -v + q = -2. Let u = -2 + v. Is u a multiple of 8?
True
Let s = 960 - 241. Does 29 divide s?
False
Let s(o) = -25*o - 46. Is s(-22) a multiple of 56?
True
Let w(h) = 11*h + 3. Let d be w(2). Let s = d - 20. Is s a multiple of 5?
True
Let p = 124 - -128. Does 18 divide p?
True
Suppose -4 = 4*i + 3*y, 0*i + i - 4*y = 18. Is 8 a factor of -19*(i/(-12) - (-20)/(-24))?
False
Let y = 9 - 11. Let w be 8 + 8/(-4) - y. Let r(t) = 3*t - 2. Is 9 a factor of r(w)?
False
Let c(u) = 64*u**2 - u - 2. Let a(m) = -4*m + 5. Let h be a(2). Let b be 1*(-3 - (h + 1)). Is c(b) a multiple of 21?
True
Let b = 2155 - 1308. Does 77 divide b?
True
Let y(w) = w**2 + 2*w - 3. Suppose 2*r = -a - 1, 0*r + 4*r - 2*a - 2 = 0. Suppose r = -j - 4 - 1. Does 4 divide y(j)?
True
Suppose 168 + 4392 = 6*f. Is f a multiple of 18?
False
Let l(x) = 6*x + 19. Let i be l(14). Let y = i - 61. Does 6 divide y?
True
Suppose 15*a = 27*a - 31068. Does 39 divide a?
False
Let w = -46 - -46. Suppose 